{"id":79,"date":"2019-04-12T15:57:30","date_gmt":"2019-04-12T13:57:30","guid":{"rendered":"http:\/\/dev.toniawelter.de\/studio-tonia-welter\/"},"modified":"2019-04-25T12:37:53","modified_gmt":"2019-04-25T10:37:53","slug":"studio-tonia-welter","status":"publish","type":"page","link":"https:\/\/www.toniawelter.de\/en\/studio-tonia-welter\/","title":{"rendered":"Studio"},"content":{"rendered":"<blockquote><p>Wie leben und arbeiten wir in der Zukunft? \u2028Wie ver\u00e4ndert die Digitalisierung unseren beruflichen \u2028und privaten Alltag? Wann, wo und wie d\u00fcrfen und sollen berufliches und privates, digitales und analoges Leben verschmelzen? Oder brauchen wir Hilfe zur Abgrenzung?<\/p><\/blockquote>\n<h3>The Studio<\/h3>\n<p>Tonia Welter gr\u00fcndete 2008 neben ihrem eigenen Design Studio zusammen mit anderen einen der gr\u00f6\u00dften Coworking Spaces Europas &#8211; das betahaus &#8211; in Berlin. Als Art Direktorin nutzte sie das betahaus als Experimentierfeld f\u00fcr ihr wichtigstes Thema: Leben und Arbeiten im digitalen Zeitalter. In den letzten Jahren hat sich ihr Studio spezialisiert auf die Gestaltung von Arbeitsr\u00e4umen der Zukunft. Dar\u00fcberhinaus befasst sie sich auf experimenteller, k\u00fcnstlerischer Ebene mit digital-analogen Objekten.<\/p>\n<h3>How we work<\/h3>\n<p>Menschen m\u00f6chten nicht nur in R\u00e4umen leben, in denen sie sich wohlf\u00fchlen. Sie m\u00f6chten auch in solch einer Umgebung arbeiten. Die Anspr\u00fcche, die wir an unser Lebensumfeld stellen, \u00fcbertragen sich mehr und mehr auf unsere Arbeitswelt. Die Gestaltung der neuen Arbeitswelt orientiert sich demnach am Menschen und seinen Bed\u00fcrfnissen.<\/p>\n<p>Eine reduzierte, klassische Formsprache und der Einsatz von nat\u00fcrlichen Materialien wie Holz, Metall und Textil sowie ein feinf\u00fchliger Umgang mit Licht sorgen f\u00fcr eine Mensch-basierte, inspirierende Arbeitsatmosph\u00e4re, in der gute Arbeit, Kreativit\u00e4t und Innovation gef\u00f6rdert werden.<\/p>\n<p>Unsere Projekte werden sorgf\u00e4ltig auf die W\u00fcnsche und Bed\u00fcrfnisse unserer Kunden abgestimmt. Dies beinhaltet auch die sensible Integration von Firmenidentit\u00e4t. Da es aufgrund von ver\u00e4nderten Abl\u00e4ufen und Strukturen nicht selten um eine komplette Neuausrichtung der bestehenden Arbeitswelt geht, stellen wir viele Fragen und entwickeln in Workshops gemeinsam mit unseren Kunden die passenden Antworten.<\/p>\n<h3>Our Clients<\/h3>\n<p>Zu den Interior Design Kunden unseres Studios z\u00e4hlen sowohl kleine und mittlere Startups als auch Corporate Kunden wie Heimat Werbeagentur, Daimler, VW, TUI, GSG Berlin, Messe Berlin oder Immoscout24.<\/p>\n<p>Unsere Expertise f\u00fcr progressive Arbeitskultur (Coworking, New Work, Startups, Inkubatoren) flie\u00dft nicht nur in die gestalterische Planung sondern auch in die inhaltliche Beratung zur Neuausrichtung von Arbeit auf kommerzieller und wirtschaftspolitischer Ebene. So entstand beispielsweise mit unserer Hilfe 2017 Berlins erste Startup Messe TechFair.<\/p>\n<h3>Our Service<\/h3>\n<p>Das Design Studio Tonia Welter bietet konzeptionelle Beratung \/ Art Direktion sowie Interior Design f\u00fcr die Bereiche Office, Privat, Event- u. Messe. Unser Service umfasst alle Projektstufen von der Planung \u00fcber die Gestaltung bis zur Ausf\u00fchrung. Oftmals Projekt bezogen entstehen M\u00f6bel-, Leuchten- und Produkt Designs. Das Studio arbeitet in einem interdisziplin\u00e4ren Netzwerk aus Unternehmensberatern, Architekten, Bauingenieuren, Grafik- u. Produkt Designern, Tischlern und Messe-Planern.<\/p>\n<h3>Friends<\/h3>\n<p><a href=\"https:\/\/www.betahaus.com\" target=\"_blank\" rel=\"noopener noreferrer\">betahaus<\/a><br \/>\n<a href=\"http:\/\/handwerkplusdesign.de\" target=\"_blank\" rel=\"noopener noreferrer\">Handwerk+Design<\/a><br \/>\n<a href=\"http:\/\/thomasweyres.de\" target=\"_blank\" rel=\"noopener noreferrer\">Thomas Weyres<\/a><br \/>\n<a href=\"http:\/\/www.zentrale-intelligenz-agentur.de\" target=\"_blank\" rel=\"noopener noreferrer\">ZIA<\/a><\/p>\n<h3>Publications<\/h3>\n<p>Publication: \u201eDas Beta Prinzip\u201c, Eigenverlag 2011, 1. Auflage vergriffen.<\/p>\n<p><a href=\"https:\/\/t3n.de\/magazin\/isdn-weg-dienste-cloud-flexible-arbeitsplatze-schlanke-225850\/\" target=\"_blank\" rel=\"noopener noreferrer\">ISDN weg, Dienste in die Cloud, flexible Arbeitspl\u00e4tze: Das schlanke Office, <\/a>t3n Magazin, 2.2.2011<\/p>","protected":false},"excerpt":{"rendered":"<p>Wie leben und arbeiten wir in der Zukunft? \u2028Wie ver\u00e4ndert die Digitalisierung unseren beruflichen \u2028und privaten Alltag? Wann, wo und wie d\u00fcrfen und sollen berufliches und privates, digitales und analoges Leben verschmelzen? Oder brauchen wir Hilfe zur Abgrenzung? The Studio Tonia Welter gr\u00fcndete 2008 neben ihrem eigenen Design Studio zusammen mit anderen einen der gr\u00f6\u00dften [&hellip;]<\/p>\n","protected":false},"author":1,"featured_media":78,"parent":0,"menu_order":10,"comment_status":"closed","ping_status":"closed","template":"","meta":{"_acf_changed":false,"footnotes":""},"class_list":["post-79","page","type-page","status-publish","has-post-thumbnail","hentry"],"acf":[],"yoast_head":"<!-- This site is optimized with the Yoast SEO plugin v24.9 - https:\/\/yoast.com\/wordpress\/plugins\/seo\/ -->\n<title>Studio - Studio Tonia Welter<\/title>\n<meta name=\"robots\" content=\"index, follow, max-snippet:-1, max-image-preview:large, max-video-preview:-1\" \/>\n<link rel=\"canonical\" href=\"https:\/\/www.toniawelter.de\/en\/studio-tonia-welter\/\" \/>\n<meta property=\"og:locale\" content=\"en_US\" \/>\n<meta property=\"og:type\" content=\"article\" \/>\n<meta property=\"og:title\" content=\"Studio - Studio Tonia Welter\" \/>\n<meta property=\"og:description\" content=\"Wie leben und arbeiten wir in der Zukunft? \u2028Wie ver\u00e4ndert die Digitalisierung unseren beruflichen \u2028und privaten Alltag? Wann, wo und wie d\u00fcrfen und sollen berufliches und privates, digitales und analoges Leben verschmelzen? Oder brauchen wir Hilfe zur Abgrenzung? The Studio Tonia Welter gr\u00fcndete 2008 neben ihrem eigenen Design Studio zusammen mit anderen einen der gr\u00f6\u00dften [&hellip;]\" \/>\n<meta property=\"og:url\" content=\"https:\/\/www.toniawelter.de\/en\/studio-tonia-welter\/\" \/>\n<meta property=\"og:site_name\" content=\"Studio Tonia Welter\" \/>\n<meta property=\"article:modified_time\" content=\"2019-04-25T10:37:53+00:00\" \/>\n<meta property=\"og:image\" content=\"https:\/\/www.toniawelter.de\/wp-content\/uploads\/2019\/04\/porta\u0308t-tonia-3.jpg\" \/>\n\t<meta property=\"og:image:width\" content=\"1501\" \/>\n\t<meta property=\"og:image:height\" content=\"2048\" \/>\n\t<meta property=\"og:image:type\" content=\"image\/jpeg\" \/>\n<meta name=\"twitter:card\" content=\"summary_large_image\" \/>\n<meta name=\"twitter:label1\" content=\"Est. reading time\" \/>\n\t<meta name=\"twitter:data1\" content=\"2 minutes\" \/>\n<script type=\"application\/ld+json\" class=\"yoast-schema-graph\">{\"@context\":\"https:\/\/schema.org\",\"@graph\":[{\"@type\":\"WebPage\",\"@id\":\"https:\/\/www.toniawelter.de\/en\/studio-tonia-welter\/\",\"url\":\"https:\/\/www.toniawelter.de\/en\/studio-tonia-welter\/\",\"name\":\"Studio - Studio Tonia Welter\",\"isPartOf\":{\"@id\":\"https:\/\/www.toniawelter.de\/en\/#website\"},\"primaryImageOfPage\":{\"@id\":\"https:\/\/www.toniawelter.de\/en\/studio-tonia-welter\/#primaryimage\"},\"image\":{\"@id\":\"https:\/\/www.toniawelter.de\/en\/studio-tonia-welter\/#primaryimage\"},\"thumbnailUrl\":\"https:\/\/www.toniawelter.de\/wp-content\/uploads\/2019\/04\/porta\u0308t-tonia-3.jpg\",\"datePublished\":\"2019-04-12T13:57:30+00:00\",\"dateModified\":\"2019-04-25T10:37:53+00:00\",\"breadcrumb\":{\"@id\":\"https:\/\/www.toniawelter.de\/en\/studio-tonia-welter\/#breadcrumb\"},\"inLanguage\":\"en-US\",\"potentialAction\":[{\"@type\":\"ReadAction\",\"target\":[\"https:\/\/www.toniawelter.de\/en\/studio-tonia-welter\/\"]}]},{\"@type\":\"ImageObject\",\"inLanguage\":\"en-US\",\"@id\":\"https:\/\/www.toniawelter.de\/en\/studio-tonia-welter\/#primaryimage\",\"url\":\"https:\/\/www.toniawelter.de\/wp-content\/uploads\/2019\/04\/porta\u0308t-tonia-3.jpg\",\"contentUrl\":\"https:\/\/www.toniawelter.de\/wp-content\/uploads\/2019\/04\/porta\u0308t-tonia-3.jpg\",\"width\":1501,\"height\":2048},{\"@type\":\"BreadcrumbList\",\"@id\":\"https:\/\/www.toniawelter.de\/en\/studio-tonia-welter\/#breadcrumb\",\"itemListElement\":[{\"@type\":\"ListItem\",\"position\":1,\"name\":\"Home\",\"item\":\"https:\/\/www.toniawelter.de\/en\/\"},{\"@type\":\"ListItem\",\"position\":2,\"name\":\"Studio\"}]},{\"@type\":\"WebSite\",\"@id\":\"https:\/\/www.toniawelter.de\/en\/#website\",\"url\":\"https:\/\/www.toniawelter.de\/en\/\",\"name\":\"Studio Tonia Welter\",\"description\":\"Art Direction &amp; Consulting\",\"potentialAction\":[{\"@type\":\"SearchAction\",\"target\":{\"@type\":\"EntryPoint\",\"urlTemplate\":\"https:\/\/www.toniawelter.de\/en\/?s={search_term_string}\"},\"query-input\":{\"@type\":\"PropertyValueSpecification\",\"valueRequired\":true,\"valueName\":\"search_term_string\"}}],\"inLanguage\":\"en-US\"}]}<\/script>\n<!-- \/ Yoast SEO plugin. -->","yoast_head_json":{"title":"Studio - Studio Tonia Welter","robots":{"index":"index","follow":"follow","max-snippet":"max-snippet:-1","max-image-preview":"max-image-preview:large","max-video-preview":"max-video-preview:-1"},"canonical":"https:\/\/www.toniawelter.de\/en\/studio-tonia-welter\/","og_locale":"en_US","og_type":"article","og_title":"Studio - Studio Tonia Welter","og_description":"Wie leben und arbeiten wir in der Zukunft? \u2028Wie ver\u00e4ndert die Digitalisierung unseren beruflichen \u2028und privaten Alltag? Wann, wo und wie d\u00fcrfen und sollen berufliches und privates, digitales und analoges Leben verschmelzen? Oder brauchen wir Hilfe zur Abgrenzung? The Studio Tonia Welter gr\u00fcndete 2008 neben ihrem eigenen Design Studio zusammen mit anderen einen der gr\u00f6\u00dften [&hellip;]","og_url":"https:\/\/www.toniawelter.de\/en\/studio-tonia-welter\/","og_site_name":"Studio Tonia Welter","article_modified_time":"2019-04-25T10:37:53+00:00","og_image":[{"width":1501,"height":2048,"url":"https:\/\/www.toniawelter.de\/wp-content\/uploads\/2019\/04\/porta\u0308t-tonia-3.jpg","type":"image\/jpeg"}],"twitter_card":"summary_large_image","twitter_misc":{"Est. reading time":"2 minutes"},"schema":{"@context":"https:\/\/schema.org","@graph":[{"@type":"WebPage","@id":"https:\/\/www.toniawelter.de\/en\/studio-tonia-welter\/","url":"https:\/\/www.toniawelter.de\/en\/studio-tonia-welter\/","name":"Studio - Studio Tonia Welter","isPartOf":{"@id":"https:\/\/www.toniawelter.de\/en\/#website"},"primaryImageOfPage":{"@id":"https:\/\/www.toniawelter.de\/en\/studio-tonia-welter\/#primaryimage"},"image":{"@id":"https:\/\/www.toniawelter.de\/en\/studio-tonia-welter\/#primaryimage"},"thumbnailUrl":"https:\/\/www.toniawelter.de\/wp-content\/uploads\/2019\/04\/porta\u0308t-tonia-3.jpg","datePublished":"2019-04-12T13:57:30+00:00","dateModified":"2019-04-25T10:37:53+00:00","breadcrumb":{"@id":"https:\/\/www.toniawelter.de\/en\/studio-tonia-welter\/#breadcrumb"},"inLanguage":"en-US","potentialAction":[{"@type":"ReadAction","target":["https:\/\/www.toniawelter.de\/en\/studio-tonia-welter\/"]}]},{"@type":"ImageObject","inLanguage":"en-US","@id":"https:\/\/www.toniawelter.de\/en\/studio-tonia-welter\/#primaryimage","url":"https:\/\/www.toniawelter.de\/wp-content\/uploads\/2019\/04\/porta\u0308t-tonia-3.jpg","contentUrl":"https:\/\/www.toniawelter.de\/wp-content\/uploads\/2019\/04\/porta\u0308t-tonia-3.jpg","width":1501,"height":2048},{"@type":"BreadcrumbList","@id":"https:\/\/www.toniawelter.de\/en\/studio-tonia-welter\/#breadcrumb","itemListElement":[{"@type":"ListItem","position":1,"name":"Home","item":"https:\/\/www.toniawelter.de\/en\/"},{"@type":"ListItem","position":2,"name":"Studio"}]},{"@type":"WebSite","@id":"https:\/\/www.toniawelter.de\/en\/#website","url":"https:\/\/www.toniawelter.de\/en\/","name":"Studio Tonia Welter","description":"Art Direction &amp; Consulting","potentialAction":[{"@type":"SearchAction","target":{"@type":"EntryPoint","urlTemplate":"https:\/\/www.toniawelter.de\/en\/?s={search_term_string}"},"query-input":{"@type":"PropertyValueSpecification","valueRequired":true,"valueName":"search_term_string"}}],"inLanguage":"en-US"}]}},"_links":{"self":[{"href":"https:\/\/www.toniawelter.de\/en\/wp-json\/wp\/v2\/pages\/79","targetHints":{"allow":["GET"]}}],"collection":[{"href":"https:\/\/www.toniawelter.de\/en\/wp-json\/wp\/v2\/pages"}],"about":[{"href":"https:\/\/www.toniawelter.de\/en\/wp-json\/wp\/v2\/types\/page"}],"author":[{"embeddable":true,"href":"https:\/\/www.toniawelter.de\/en\/wp-json\/wp\/v2\/users\/1"}],"replies":[{"embeddable":true,"href":"https:\/\/www.toniawelter.de\/en\/wp-json\/wp\/v2\/comments?post=79"}],"version-history":[{"count":2,"href":"https:\/\/www.toniawelter.de\/en\/wp-json\/wp\/v2\/pages\/79\/revisions"}],"predecessor-version":[{"id":336,"href":"https:\/\/www.toniawelter.de\/en\/wp-json\/wp\/v2\/pages\/79\/revisions\/336"}],"wp:featuredmedia":[{"embeddable":true,"href":"https:\/\/www.toniawelter.de\/en\/wp-json\/wp\/v2\/media\/78"}],"wp:attachment":[{"href":"https:\/\/www.toniawelter.de\/en\/wp-json\/wp\/v2\/media?parent=79"}],"curies":[{"name":"wp","href":"https:\/\/api.w.org\/{rel}","templated":true}]}}

<blockquote><p>Wie leben und arbeiten wir in der Zukunft?  Wie verändert die Digitalisierung unseren beruflichen  und privaten Alltag? Wann, wo und wie dürfen und sollen berufliches und privates, digitales und analoges Leben verschmelzen? Oder brauchen wir Hilfe zur Abgrenzung?</p></blockquote>
<h3>The Studio</h3>
<p>Tonia Welter gründete 2008 neben ihrem eigenen Design Studio zusammen mit anderen einen der größten Coworking Spaces Europas &#8211; das betahaus &#8211; in Berlin. Als Art Direktorin nutzte sie das betahaus als Experimentierfeld für ihr wichtigstes Thema: Leben und Arbeiten im digitalen Zeitalter. In den letzten Jahren hat sich ihr Studio spezialisiert auf die Gestaltung von Arbeitsräumen der Zukunft. Darüberhinaus befasst sie sich auf experimenteller, künstlerischer Ebene mit digital-analogen Objekten.</p>
<h3>How we work</h3>
<p>Menschen möchten nicht nur in Räumen leben, in denen sie sich wohlfühlen. Sie möchten auch in solch einer Umgebung arbeiten. Die Ansprüche, die wir an unser Lebensumfeld stellen, übertragen sich mehr und mehr auf unsere Arbeitswelt. Die Gestaltung der neuen Arbeitswelt orientiert sich demnach am Menschen und seinen Bedürfnissen.</p>
<p>Eine reduzierte, klassische Formsprache und der Einsatz von natürlichen Materialien wie Holz, Metall und Textil sowie ein feinfühliger Umgang mit Licht sorgen für eine Mensch-basierte, inspirierende Arbeitsatmosphäre, in der gute Arbeit, Kreativität und Innovation gefördert werden.</p>
<p>Unsere Projekte werden sorgfältig auf die Wünsche und Bedürfnisse unserer Kunden abgestimmt. Dies beinhaltet auch die sensible Integration von Firmenidentität. Da es aufgrund von veränderten Abläufen und Strukturen nicht selten um eine komplette Neuausrichtung der bestehenden Arbeitswelt geht, stellen wir viele Fragen und entwickeln in Workshops gemeinsam mit unseren Kunden die passenden Antworten.</p>
<h3>Our Clients</h3>
<p>Zu den Interior Design Kunden unseres Studios zählen sowohl kleine und mittlere Startups als auch Corporate Kunden wie Heimat Werbeagentur, Daimler, VW, TUI, GSG Berlin, Messe Berlin oder Immoscout24.</p>
<p>Unsere Expertise für progressive Arbeitskultur (Coworking, New Work, Startups, Inkubatoren) fließt nicht nur in die gestalterische Planung sondern auch in die inhaltliche Beratung zur Neuausrichtung von Arbeit auf kommerzieller und wirtschaftspolitischer Ebene. So entstand beispielsweise mit unserer Hilfe 2017 Berlins erste Startup Messe TechFair.</p>
<h3>Our Service</h3>
<p>Das Design Studio Tonia Welter bietet konzeptionelle Beratung / Art Direktion sowie Interior Design für die Bereiche Office, Privat, Event- u. Messe. Unser Service umfasst alle Projektstufen von der Planung über die Gestaltung bis zur Ausführung. Oftmals Projekt bezogen entstehen Möbel-, Leuchten- und Produkt Designs. Das Studio arbeitet in einem interdisziplinären Netzwerk aus Unternehmensberatern, Architekten, Bauingenieuren, Grafik- u. Produkt Designern, Tischlern und Messe-Planern.</p>
<h3>Friends</h3>
<p><a href="https://www.betahaus.com" target="_blank" rel="noopener noreferrer">betahaus</a><br />
<a href="http://handwerkplusdesign.de" target="_blank" rel="noopener noreferrer">Handwerk+Design</a><br />
<a href="http://thomasweyres.de" target="_blank" rel="noopener noreferrer">Thomas Weyres</a><br />
<a href="http://www.zentrale-intelligenz-agentur.de" target="_blank" rel="noopener noreferrer">ZIA</a></p>
<h3>Publications</h3>
<p>Publication: „Das Beta Prinzip“, Eigenverlag 2011, 1. Auflage vergriffen.</p>
<p><a href="https://t3n.de/magazin/isdn-weg-dienste-cloud-flexible-arbeitsplatze-schlanke-225850/" target="_blank" rel="noopener noreferrer">ISDN weg, Dienste in die Cloud, flexible Arbeitsplätze: Das schlanke Office, </a>t3n Magazin, 2.2.2011</p>

<p>Wie leben und arbeiten wir in der Zukunft?  Wie verändert die Digitalisierung unseren beruflichen  und privaten Alltag? Wann, wo und wie dürfen und sollen berufliches und privates, digitales und analoges Leben verschmelzen? Oder brauchen wir Hilfe zur Abgrenzung? The Studio Tonia Welter gründete 2008 neben ihrem eigenen Design Studio zusammen mit anderen einen der größten [&hellip;]</p>

<!-- This site is optimized with the Yoast SEO plugin v24.9 - https://yoast.com/wordpress/plugins/seo/ -->
<title>Studio - Studio Tonia Welter</title>
<meta name="robots" content="index, follow, max-snippet:-1, max-image-preview:large, max-video-preview:-1" />
<link rel="canonical" href="https://www.toniawelter.de/en/studio-tonia-welter/" />
<meta property="og:locale" content="en_US" />
<meta property="og:type" content="article" />
<meta property="og:title" content="Studio - Studio Tonia Welter" />
<meta property="og:description" content="Wie leben und arbeiten wir in der Zukunft?  Wie verändert die Digitalisierung unseren beruflichen  und privaten Alltag? Wann, wo und wie dürfen und sollen berufliches und privates, digitales und analoges Leben verschmelzen? Oder brauchen wir Hilfe zur Abgrenzung? The Studio Tonia Welter gründete 2008 neben ihrem eigenen Design Studio zusammen mit anderen einen der größten [&hellip;]" />
<meta property="og:url" content="https://www.toniawelter.de/en/studio-tonia-welter/" />
<meta property="og:site_name" content="Studio Tonia Welter" />
<meta property="article:modified_time" content="2019-04-25T10:37:53+00:00" />
<meta property="og:image" content="https://www.toniawelter.de/wp-content/uploads/2019/04/portät-tonia-3.jpg" />
	<meta property="og:image:width" content="1501" />
	<meta property="og:image:height" content="2048" />
	<meta property="og:image:type" content="image/jpeg" />
<meta name="twitter:card" content="summary_large_image" />
<meta name="twitter:label1" content="Est. reading time" />
	<meta name="twitter:data1" content="2 minutes" />
<script type="application/ld+json" class="yoast-schema-graph">{"@context":"https://schema.org","@graph":[{"@type":"WebPage","@id":"https://www.toniawelter.de/en/studio-tonia-welter/","url":"https://www.toniawelter.de/en/studio-tonia-welter/","name":"Studio - Studio Tonia Welter","isPartOf":{"@id":"https://www.toniawelter.de/en/#website"},"primaryImageOfPage":{"@id":"https://www.toniawelter.de/en/studio-tonia-welter/#primaryimage"},"image":{"@id":"https://www.toniawelter.de/en/studio-tonia-welter/#primaryimage"},"thumbnailUrl":"https://www.toniawelter.de/wp-content/uploads/2019/04/portät-tonia-3.jpg","datePublished":"2019-04-12T13:57:30+00:00","dateModified":"2019-04-25T10:37:53+00:00","breadcrumb":{"@id":"https://www.toniawelter.de/en/studio-tonia-welter/#breadcrumb"},"inLanguage":"en-US","potentialAction":[{"@type":"ReadAction","target":["https://www.toniawelter.de/en/studio-tonia-welter/"]}]},{"@type":"ImageObject","inLanguage":"en-US","@id":"https://www.toniawelter.de/en/studio-tonia-welter/#primaryimage","url":"https://www.toniawelter.de/wp-content/uploads/2019/04/portät-tonia-3.jpg","contentUrl":"https://www.toniawelter.de/wp-content/uploads/2019/04/portät-tonia-3.jpg","width":1501,"height":2048},{"@type":"BreadcrumbList","@id":"https://www.toniawelter.de/en/studio-tonia-welter/#breadcrumb","itemListElement":[{"@type":"ListItem","position":1,"name":"Home","item":"https://www.toniawelter.de/en/"},{"@type":"ListItem","position":2,"name":"Studio"}]},{"@type":"WebSite","@id":"https://www.toniawelter.de/en/#website","url":"https://www.toniawelter.de/en/","name":"Studio Tonia Welter","description":"Art Direction &amp; Consulting","potentialAction":[{"@type":"SearchAction","target":{"@type":"EntryPoint","urlTemplate":"https://www.toniawelter.de/en/?s={search_term_string}"},"query-input":{"@type":"PropertyValueSpecification","valueRequired":true,"valueName":"search_term_string"}}],"inLanguage":"en-US"}]}</script>
<!-- / Yoast SEO plugin. -->

Wie leben und arbeiten wir in der Zukunft?  Wie verändert die Digitalisierung unseren beruflichen  und privaten Alltag? Wann, wo und wie dürfen und sollen berufliches und privates, digitales und analoges Leben verschmelzen? Oder brauchen wir Hilfe zur Abgrenzung? The Studio Tonia Welter gründete 2008 neben ihrem eigenen Design Studio zusammen mit anderen einen der größten [&hellip;]
